+ -5 + 12 + -5.
-4
What is (3 - 2) + (-9 - -4) + 2?
-2
(-3 - 1 - (-6 + 1)) + 6
7
Calculate 6 - 9 - 0 - 2.
-5
Evaluate (0 - (0 - 5)) + (-10 - -7).
2
What is (1 - -2) + (-4 + -2 - -1)?
-2
4 + 1 + 3 - 10
-2
Evaluate 7 + (-7 - -3) - 1.
2
(-14 - -3) + 5 + 2 + 7
3
Calculate 5 + 2 + 0 + -3 + -1.
3
What is the value of (3 - (0 + -1)) + -3?
1
What is -8 + 2 + 2 - (17 + -20)?
-1
Evaluate -6 + -1 + 82 + -82.
-7
Evaluate 2 + (-4 - -9) + (-2 - 12).
-7
-2 - (9 - 20 - -3)
6
Calculate 0 - 1 - (14 + -16).
1
What is the value of -3 - (0 - -2 - 7)?
2
What is the value of 13 - (7 - 2) - 10?
-2
9 + (-2 - -3) + -10
0
Evaluate -1 - (15 + (-16 - -6)).
-6
Calculate -13 + (-6 - (-19 + 3)).
-3
(6 - 3) + (1 - 4) - 0
0
Evaluate -5 + (-1 - 0) - (-6 - -3).
-3
What is the value of -7 + (4 + -4 - -4)?
-3
What is the value of 0 + -4 + (-4 - (-6 - -2))?
-4
Evaluate 8 + -9 + (-13 - -8).
-6
What is the value of 2 + (-4 - (1 - 5))?
2
2 - (-1 + -11 - -17)
-3
Calculate 10 + -7 + 4 + 2 + -4.
5
What is -3 + (-5 - (5 + -9)) - 5?
-9
-6 - (-4 + 11 + -4 + -1)
-8
Evaluate 3 + (2 - (-3 - -4)).
4
Calculate -6 + -3 + 8 + 1.
0
Calculate 0 + -2 + (21 - 16).
3
Calculate (3 - 2 - -3) + -2.
2
Evaluate (0 + 5 - 7) + 1.
-1
Evaluate -3 + (-2 + 0 - (0 + -1)).
-4
What is -32 + 33 + (1 - 5)?
-3
What is the value of -3 - 10 - (-15 - -3)?
-1
What is the value of 1 - (5 + -3) - -3?
2
10 - ((14 - -2) + -11)
5
What is -5 + 3 + -1 - -2 - 4?
-5
What is -5 - (-3 - (1 + -1))?
-2
Calculate 1 - (-5 + 11 + -6 + -5).
6
0 - 0 - (5 + -3 - 3)
1
What is -3 - (7 - 12 - -3)?
-1
Calculate (1 + 2 + -3 - 6) + -1.
-7
What is 3 + -1 + (-3 - 2)?
-3
Evaluate 13 + -13 - (-4 + 6).
-2
Calculate (15 - 5) + -7 - (0 - -6).
-3
Calculate 6 - (-1 + -3 - -5).
5
What is the value of 1 - (4 + (-2 + 0 - 2))?
1
What is 4 + -7 + 2 - 1?
-2
What is -1 + 3 + -2 + (4 - 6)?
-2
What is the value of (-8 - 0) + 3 + -1 + 2?
-4
What is the value of 0 + 5 + -3 + 2 + 0?
4
Evaluate 2 - (-3 + -2 + 3) - 6.
-2
Evaluate 7 + 7 + -3 + -3 + -4.
4
Calculate 16 + -15 - (-3 - -1).
3
2 + 0 - (3 + (-9 - -4))
4
What is the value of 12 + (13 - (-6 + 32))?
-1
Evaluate -492 + 495 + -1 + 2 + -8.
-4
Calculate -1 + -1 - 3 - -3.
-2
Calculate 7 + -17 + (0 - -8).
-2
(-3 - -1) + (1 - 1)
-2
Evaluate 1 + 3 - (-6 + 21 + -4).
-7
5 - 8 - (1 - 3 - -4)
-5
Evaluate 3 + (1 - (4 - -1)) + 3.
2
Evaluate 7 - (-1 - 5 - (5 + -11)).
7
What is 7 + 15 + (-3 - 13)?
6
Evaluate (4 - 3) + 5 + 0.
6
What is 1 + 2 + -9 + 2?
-4
What is the value of (-2 + -9 - (-18 - -12)) + 2?
-3
What is the value of (-6 - -3 - (-5 - 0)) + -2?
0
What is -9 - (-13 + -3 + 7)?
0
12 - (6 + 4 + 8)
-6
Calculate -1 + -3 - (13 - (24 - 9)).
-2
What is -2 + (-5 + 6 - 0)?
-1
What is the value of 10 - ((1 - 8) + 12)?
5
Evaluate -1 - ((-2 - -1 - 4) + 6).
-2
Calculate 1 + 13 - (-61 - -72).
3
Evaluate 1 - -5 - (0 - -4) - 8.
-6
What is 1 - (-2 - -6) - -6?
3
6 + -3 + -1 + (1 - -1)
4
Evaluate -1 + -1 + (26 - 31) - -3.
-4
Calculate 2 - -1 - (-1 - (-1 - 0)).
3
What is 5 + -6 + 1 - (1 - 6)?
5
What is 7 - (12 + (-8 - -7 - 5))?
1
-28 + 13 + 16 - (3 - -1)
-3
What is (0 - 0) + 5 + 2 + -12?
-5
-9 + 4 + 2 + 2 + 4
3
6 + -3 + 6 + -2 + -4
3
Evaluate -1 + -9 + 0 + 0.
-10
What is -7 + 4 + -5 + 9 + -6?
-5
What is -2 + -2 + -8 + 12?
0
What is the value of (-3 - 1) + 1 - (-55 + 57)?
-5
Evaluate -2 + -2 + 1 + 7.
4
What is the value of (0 - -1) + -3 + 0?
-2
What is the value of (11 - 13) + (3 - -1)?
2
Calculate 4 + (-5 - 3) + 0 + 2.
-2
Calculate -2 + (36 - 30) + (-3 - 1).
0
Calculate -5 - (-8 - (2 + 4 + -11)).
-2
What is the value of -10 - -12 - (7 - 2)?
-3
1 + 3 + 13 + -15 - -1
3
What is the value of -16 + (7 - -6) + (1 - 0)?
-2
-6 + (-4 - -9) - (5 - 0)
-6
What is -3 + 3 - (2 - (3 + 0))?
1
Evaluate 8 + (-21 + 5 - -6 - -6).
4
What is 0 + 4 + -1 + -6?
-3
Calculate (-1 - -3) + (0 - (3 + -3)).
2
(2 - (7 - 8)) + -3 + 1
1
-4 - (-7 + 5 - (-4 - -2))
-4
Calculate (-8 - (-10 - -1)) + 6.
7
Evaluate (0 - 4) + (1 - -2 - -1).
0
Calculate 0 + (7 - (0 - -7)).
0
Evaluate -45 - -44 - (1 - 5).
3
8 - ((2 - 3) + -1 + 12)
-2
What is 13 + -5 + (2 + -1 - 3)?
6
7 + -4 + (-4 - (1 - 3))
1
Calculate (1 - 4) + (3 - 3).
-3
What is the value of -10 + 1 + 8 + 9?
8
Evaluate -3 - (2 + (-3 - 3) + 3).
-2
Evaluate 4 + (-3 - (-6 - -5)).
2
-74 + 65 + 0 + (6 - 1)
-4
-13 - ((38 - 40) + -3 + 1)
-9
What is the value of -2 + -3 + 5 + -1?
-1
Evaluate 0 + (-16 - -8) + 7.
-1
What is the value of 12 + (4 - 22) + 5?
-1
8 + 0 + (0 - (-11 - -13))
6
What is (-2 - (-4 - 4) - 3) + -1?
2
(8 - 0) + (-5 - (7 + -8))
4
-3 - (-5 - (1 - 6))
-3
What is the value of -4 - (-6 - (-2 - 2))?
-2
What is 1 - (2 - -1) - (2 + 1)?
-5
Evaluate -12 + 30 - (-1 - -14).
5
Evaluate (0 - -4) + -12 + 4.
-4
What is the value of 2 - 5 - (-4 - -2)?
-1
Calculate 11 + -25 + -5 + 9.
-10
What is 7 + (-3 + 1 - 0)?
5
What is (5 - 3 - 6) + 5?
1
What is 2 - (3 + 1 + -1 - 3)?
2
Calculate 3 + 9 + -8 + -5.
-1
What is -15 - -7 - (-9 + -3)?
4
Evaluate 7 - ((0 - (-1 + -3)) + 4).
-1
Evaluate -4 + -1 + 0 + 3.
-2
Calculate (-1 - 0) + -1 - -2.
0
Calculate 15 - (7 + -2 + 15).
-5
-4 - (-11 + 2 + 2 - -4)
-1
What is the value of (-102 - -97) + (1 - -8)?
4
What is (-1 - 2) + (-2 - -4)?
-1
7 - 5 - 1 - -1
2
What is (-3 - -8) + -2 - 10?
-7
What is -59 - -62 - (-1 - -14)?
-10
What is (0 + -2 - -4 - 1) + 0?
1
Evaluate (3 - 7) + 3 + (-2 - -7).
4
What is the value of 0 + 1 + (-1 - 1) + 6?
5
Calculate 3 + -8 + (2 - 1 - -4).
0
Calculate -2 + 6 + -1 + -3.
0
What is (-14 + 7 - -5) + (-2 - -4)?
0
Evaluate (1 - 1) + (11 - 10).
1
What is the value of 7 + (1 - (5 + 3))?
0
Evaluate (1 + 2 - -1) + 1.
5
(47 - 43) + 0 + -2 + -4
-2
Evaluate -2 + 0 + 1 + (-16 - -16).
-1
What is the value of 2 + -4 + 1 - -6?
5
Evaluate -12 - -3 - 3 - (19 + -26).
-5
Calculate -7 + 7 - (-3 - 1).
4
Evaluate -6 - (-8 + -2 + -1 + 7).
-2
What is (-11 - (5 + -8)) + 3?
-5
0 + 10 + -2 + -56 + 52
4
Evaluate (4 - 15) + (4 + -3 - -5).
-5
2 - (7 - 9) - 4
0
-2 - (1 - 3) - 3
-3
Calculate -12 + 0 + 7 - -1.
-4
91 + -83 - (3 - 0)
5
1 + -8 + -6 + 10
-3
Evaluate -5 + (12 - -6) + -7.
6
What is (-8 + 3 - -11) + 0 + -4?
2
Calculate 1 - 3 - (-3 + -3 + 1).
3
0 + -4 + (7 - 2) + -3
-2
0 + 2 + -1 + -6 + 5
0
(34 - 39) + 7 + -1
1
Evaluate 0 + 13 + 26 + (22 - 55).
6
What is the value of 4 - 3 - (5 + -2)?
-2
What is -1 - (0 + (1 - -1 - 3))?
0
Calculate (0 - 2) + 0 - (-9 - -9).
-2
What is the value of -8 - 3 - (-1 + -5)?
-5
What is (5 + -9 - (0 - 15)) + -4?
7
What is (7 + -10 - 2) + 12 - 15?
-8
What is -6 + (9 - (7 + -4))?
0
-7 + -3 - (-10 + 3 + 3)
-6
Evaluate 10 - 14 - (-12 - -5).
3
What is (5 - (-7 + 10)) + -8?
-6
Evaluate 5 + -10 + (13 - 12).
-4
0 - -2 - (-1 + 0)
3
(0 - (0 + 1)) + (-4 - -3)
-2
4 + 5 + -2 + -5 + 2
4
Evaluate 8 - (6 + (-3 - -11)).
-6
What is 2 - (-4 + -3 - -6 - -2)?
1
-4 - (2 - 5 - 0)
-1
Evaluate (-1 - 9 - 0) + (-1 - -6).
-5
6 - 3 - 4 - 1
-2
What is the value of 6 + 2 - (13 + -8 + 2)?
1
Evaluate 2 + (-5 - (-5 + 7 + -15)).
10
Evaluate 2 + 1 + (-22 - (-5 - 8)).
-6
Calculate -2 + 7 + 4 + -11.
-2
What is -11 + 7 - (3 + -2 - 3)?
-2
Calculate (17 + -16 - -3) + -1 + 0.
3
Evaluate (-2 - 7) + (7 - -7).
5
What is the value of 6 + (3 - 7) + (-4 - 0)?
-2
Calculate -6 + -4 + 7 - (6 + -3).
-6
-2 + (2 - 2) - (-5 + 5)
-2
What is the value of 0 + (0 - -7) + -5?
2
Calculate -4 - (4 - (2 + 2)).
-4
4 - (-3 + -3 + 6) - 6
-2
Calculate 15 + (-3 - (4 - -2)).
6
Evaluate 6 - 0 - (-3 + 9 + -5).
5
Calculate 3 + 4 + (6 - 7).
6
What is the value of 2 - (5 - (1 - -6))?
4
Evaluate (3 - -2) + 1 - (14 - 8).
0
Calculate 10 - 9 - (-4 - 0).
5
What is 41 + -47 - (1 + -2)?
-5
2 + -6 + 3 + 0
-1
What is -3 + (7 + (-7 - 0) - -6)?
3
What is the value of -6 + 4 - -12 - 18?
-8
-9 + 8 + -5 - (4 - 3)
-7
What is the value of (-2 + 3 - 5) + -3 + 4?
-3
Evaluate -12 + (8 - 1) - (-2 - 2).
-1
Evaluate 51 - 48 - (2 + -1 - -9).
-7
What is the value of (13 - 1) + (5 - 11)?
6
What is 6 + (0 - 9) + 2?
-1
What is 74 + -78 - (-5 + 0)?
1
What is -2 + 1 + (-3 - 1)?
-5
6 - (-4 - -1) - 6
3
-6 + (-1 - (-7 - -4))
-4
Calculate 3 - (8 + -7) - -6 - 14.
-6
What is the value of -4 - (-2 - -1) - -1 - 2?
-4
Evaluate 3 + (5 + -4 - (1 + 6)).
-3
Evaluate -12 + 26 + -11 + -4.
-1
Evaluate -5 - (-5 + 3 - -2).
-5
What is the value of (-2 - 3) + -6 + 13 + -5?
-3
Calculate 14 + -5 + -8 + 1.
2
What is the value of -54 + 58 + -1 + -12 + 1?
-8
Calculate 1 + (-3 - 3) - -5.
0
What is the value